 -5 + 5?
-4
Calculate -1 - (2 + -5) - -1.
3
What is -3 - -2 - (-11 + 9)?
1
Calculate (-2 - -3 - -1) + 10 + -10.
2
What is the value of -2 + 2 + -4 + 6?
2
What is 7 - (-7 - -4) - 10?
0
(-7 - (-20 - -6)) + -3
4
What is 3 + 0 + -2 + -1?
0
What is (-10 - -8) + 7 + -1 + -4?
0
What is the value of 0 + 5 + (0 - 1) + -1?
3
Calculate (3 + -3 - 0) + -6 + 1.
-5
Evaluate (-2 + -4 - -11) + (-3 - 0).
2
Evaluate 12 - 12 - (1 + 2 + -3).
0
What is the value of (3 - 3) + 0 + 2?
2
1 - 1 - (-1 + 3)
-2
What is the value of -9 - (-6 + 1 - (-2 - -1))?
-5
Evaluate (-4 - -11) + 46 + -57.
-4
0 + (-5 - (5 - 14))
4
Calculate -6 - (5 + (-2 + -15 - -5)).
1
What is 5 - -2 - (2 - -6) - 6?
-7
Evaluate 0 + -3 + (3 - (-2 + 1)).
1
Evaluate -3 - ((-7 - -4) + 0).
0
Calculate (0 - 0) + 21 + -20.
1
-2 - -8 - -1 - 5 - 2
0
Evaluate -11 - -14 - (10 + -2).
-5
What is the value of -8 + (0 - (-5 + 1))?
-4
Calculate (-1 - 3) + (64 - 63).
-3
What is 2 + (3 - (6 - 0))?
-1
0 - -4 - (3 + -1 + -4)
6
What is -11 + 11 - (3 - (-2 - 1))?
-6
(13 - 11) + -1 + 0
1
Calculate -1 + (-1 - -5 - 9) + 6.
0
Calculate (5 - (-1 + -1)) + -6.
1
What is -8 - (-6 - (-5 + 6 - 1))?
-2
Evaluate 2 + (4 - (-5 - -7) - 10).
-6
What is -1 - -10 - (9 + -9 + 5)?
4
Evaluate -7 + (-7 - -17) - (3 + 0).
0
What is -116 + 108 - (1 + -12)?
3
What is the value of -1 + 3 + (3 - (2 + 2))?
1
Evaluate 7 - (-1 + 4 - 3 - -4).
3
What is the value of -1 + -2 + -4 - (3 + -8)?
-2
What is 0 + (4 - (-4 + 7))?
1
2 + (-1 - 0 - 2 - -2)
1
What is -6 + (12 - (1 - 1))?
6
Evaluate (-7 - (-3 - -1)) + 8.
3
What is the value of -1 + -3 + 2 + -1?
-3
What is the value of (-1 - -1) + -18 + 23 - 1?
4
1 - -7 - 6 - -1
3
What is -2 + -2 + 11 + -8?
-1
Calculate 0 + -2 - (-9 - (0 + -3)).
4
Evaluate 5 - -1 - (-2 - -4).
4
Evaluate -1 + 2 - (1 - (-7 + 0)).
-7
Calculate -1 + (10 - 8) + (0 - -1).
2
What is -12 + (15 - (0 - -1))?
2
Calculate 22 - (-9 + 21) - 11.
-1
-3 + 5 + -5 + 5
2
What is the value of 4 + (-51 - -49) + (8 - 1)?
9
What is (3 - 5) + 2 + (-2 - 1)?
-3
Calculate 1 + -1 - (-27 - -23).
4
What is 0 + -1 + 4 + -8?
-5
Calculate 6 - -3 - 12 - (-3 + 0).
0
What is (-18 - -19) + (-2 - (2 + 0))?
-3
3 + (2 - (6 - -3)) + -1
-5
Evaluate -14 - (-5 - -2) - -5.
-6
What is the value of -3 + -5 + 19 - (-10 - -10)?
11
Evaluate (1 - -4) + (-21 - -20).
4
What is the value of -1 + 2 + 0 - 2 - 3?
-4
What is 0 - 0 - (14 + -3 - 18)?
7
Evaluate -6 + 1 + 2 + 4 - 0.
1
Calculate -1 + (-4 - -4) - 4.
-5
3 - (0 - -2) - 0
1
Calculate -14 + 0 + 9 + 1 + 5.
1
Evaluate (-2 - -3 - -12) + -5.
8
What is the value of (-2 + 3 + -1 - -2) + -7?
-5
Evaluate 3 - (-1 - -6 - -1).
-3
6 + -8 - (1 - 0)
-3
Evaluate -11 + 4 + (1 - (-10 - -7)).
-3
What is 24 + -19 - (8 - 1)?
-2
What is 7 - (0 + -1 + 5)?
3
What is -6 + (12 - 9) + 2?
-1
What is the value of 4 - (1 - (-2 + 6 + -3))?
4
What is the value of (7 - 8) + -2 + 3?
0
What is 7 - (10 - 2 - 1)?
0
What is the value of (-3 - -5) + (5 - 5) + -4?
-2
What is the value of 8 - (7 - -6) - 5?
-10
What is 0 + (-7 - 0) + -10 - -6?
-11
What is the value of 17 + -10 + (-2 - 3 - -2)?
4
What is the value of 5 - (-4 - (-10 - -9))?
8
Calculate -4 + -11 + 28 + -18.
-5
Evaluate (-4 - -7) + (15 - 25).
-7
Evaluate -1 - ((8 - (2 - 1)) + -4).
-4
Evaluate (-1 - (-4 - -8)) + 10.
5
-2 + (5 - (-2 + 0))
5
Calculate (-19 - -9) + (10 - 6).
-6
Calculate 11 + (-4 - 9) - (-1 - -1).
-2
Calculate (-4 - (5 - 5)) + 4 + 1.
1
What is 0 - (-1 + (-2 - -5)) - 1?
-3
What is (0 + 0 - 1) + 2?
1
Evaluate -7 + 5 - -3 - (1 + 6).
-6
(6 - 0) + -120 + 120
6
Calculate 6 - (2 + 2) - 2.
0
Evaluate 0 - -6 - (-5 - (1 + -9)).
3
Evaluate 3 - (-19 + 2 + 6 + 4).
10
What is -6 - ((3 + -4 - 7) + 3)?
-1
What is -7 + 2 + (1 - -2 - 0)?
-2
What is the value of (5 - 0) + 0 - (0 + -2)?
7
What is the value of -3 - (-11 - -20) - -19?
7
What is the value of 6 + (-11 - -10 - 3)?
2
Calculate (-35 - -38) + 0 + (2 - 11).
-6
(5 - 0) + 1 + -5
1
(-1 - (-1 + -1)) + -18 + 16
-1
-6 - -25 - 14 - (-1 + 11)
-5
Calculate (1 - (1 + -1)) + (393 - 401).
-7
What is 28 - 28 - (2 + (1 - -5))?
-8
What is the value of -34 + 27 - (-1 - 1)?
-5
Evaluate -4 + 6 - 2 - 0.
0
(-7 - (-5 + -4)) + -5
-3
Calculate -1 + 3 + 0 + -5 + 8.
5
Calculate -15 + 1 + 60 + -54.
-8
Calculate -2 - 2 - 2 - -6.
0
Evaluate 1 - (-2 + 2 + 7 + -2).
-4
What is the value of (5 - 9) + -3 - 0?
-7
What is (-335 - -337) + 1 + (3 - 0)?
6
What is 9 - (5 - 0 - (13 - 11))?
6
What is -6 - ((-8 - -4) + 1) - -7?
4
What is the value of -4 - (2 + 0 + -3 + 1)?
-4
What is (2 - (-5 - -9)) + 0 + -2?
-4
Evaluate (1 - -4) + -6 + -4.
-5
What is the value of 24 + -18 + (-2 - (-1 + 3))?
2
What is the value of (5 - 2) + -3 + 1?
1
Evaluate 1 - 10 - (-22 - -16) - -4.
1
Calculate 2 - (2 - 0 - (0 - -2)).
2
Evaluate -4 + (1 - -1) + 1 + 3.
2
Evaluate 6 + -3 + -6 + -1.
-4
8 + 5 + (-6 - (-7 + 8))
6
(1 - (-3 - 8)) + -10
2
Calculate (-2 - -1) + -5 - (116 + -118).
-4
Evaluate (13 - 0) + -7 - 7.
-1
Calculate 10 + -38 - -28 - (-9 - -1).
8
What is -1 + -4 + -47 + 48?
-4
Evaluate -22 + 33 + (-14 - -4).
1
Evaluate (-9 - -12) + 3 - 2.
4
What is 3 - (2 + 7) - (-6 - -5)?
-5
Calculate 31 + -27 + (-8 - -1) - -3.
0
What is the value of -4 + 0 + 5 - -3?
4
What is 1 + (-4 - ((4 - 7) + 2))?
-2
(3 - (-1 - -2)) + -36 + 34
0
-6 - -4 - (5 + (-3 - -1))
-5
0 + (10 - (-4 + 17))
-3
-4 + (-8 - 1) - -5
-8
Calculate -2 + 0 + 2 + -4.
-4
Calculate -11 + (3 - 1 - -10).
1
What is the value of (-1 - 2) + -13 + 17?
1
What is -16 + 7 + 1 + 4?
-4
Calculate (10 - (8 - -8)) + 13 + 0.
7
Calculate 1 + -5 - (-10 + (1 - -5)).
0
6 + (-4 - 4) + 6
4
What is the value of 1 + -7 - (-4 + 2)?
-4
2 - ((0 - 1) + -1 + -1)
5
What is the value of (6 - 1 - (-10 + 12)) + 6?
9
Evaluate (-13 + 5 - -12) + -7.
-3
Calculate 9 + 0 - (-22 - -22).
9
What is (1 - 4) + 0 + (2 - 2)?
-3
Evaluate 12 - (-14 - -20) - (-1 + 14).
-7
What is the value of -8 - (-3 + -5 - 2) - -2?
4
What is -2 - (6 - 1 - 8)?
1
What is the value of 2 + 2 + (9 + -2 - 6)?
5
9 + 2 - (12 + 0)
-1
Calculate -10 + 2 - (15 - 27).
4
-4 - (5 + (6 - (3 - -9)))
-3
6 + -2 + 6 + -12
-2
1 + 7 - (40 - 25)
-7
What is the value of (-9 - -2) + 3 - -2 - 2?
-4
What is 3 + -2 + 3 + (-3 - 1)?
0
What is 6 - (9 - 6 - -1)?
2
Calculate -1 + -1 - (16 + -9 + -11).
2
Evaluate 3 + 0 + 1 + -4 + -6.
-6
What is (1 + 1 - (-8 + 11)) + -4?
-5
What is the value of (-8 + 8 - 2) + -4?
-6
Evaluate 5 + (-5 - -1 - -3).
4
What is -26 + 30 + (1 - 2)?
3
Evaluate -9 - (-10 - (-3 - 4)).
-6
Calculate (5 - -2) + 76 + -88.
-5
Evaluate (-4 - 2) + 1 + 2.
-3
Evaluate 5 + (5 - -1) - 3.
8
Calculate 2 + 0 + -6 + 8.
4
Evaluate 5 + (-3 - -3) + -2 + -1.
2
0 - (1 + (6 - (2 + 1)))
-4
What is -3 + 8 - (5 + 7)?
-7
What is -1 - 1 - (-26 + 23)?
1
Evaluate 1 + 4 + -4 + -3 + 3.
1
What is 15 + -5 - 6 - 3?
1
What is 0 + (10 + -3 - 3)?
4
Calculate 4 + -14 + 3 - -5.
-2
5 + 5 + -1 + -6
3
What is -3 - -1 - (-3 + 5 + -6)?
2
-6 - 1 - -4 - -4
1
Calculate 3 + 7 - (-5 - -4).
11
What is 3 + (-7 - (-10 - -4))?
2
Evaluate 1 + -2 + (-1 - 0).
-2
4 + -5 + (4 - 5)
-2
What is the value of (3 - 8) + (-4 - -1)?
-8
Calculate (0 - (4 - 6)) + 1.
3
What is -4 + 6 - (-3 - (-5 - 1))?
-1
(-5 - (-15 - -4)) + -9
-3
Evaluate -9 - (-15 + 20 + (-8 - 1)).
-5
2 + 0 - 4 - (31 - 27)
-6
(11 - 7 - 8) + 6
2
Calculate 7 + (-6 - (9 + 4)) - -4.
-8
0 + 2 - 2 - 1
-1
Calculate -9 - (6 + -8 - 2) - -1.
-4
0 - (-2 - -5 - -2)
-5
What is (0 - (3 + -7 + -2)) + -2?
4
Evaluate 2 + 3 - (2 - 0).
3
Evaluate -5 + (2 - 3) + (2 - 1).
-5
Calculate 0 + (4 - (13 - 5)) + 2.
-2
Evaluate -6 + 5 + -3 + 4.
0
What is -2 + -1 - (1 - (1 - 1))?
-4
Evaluate -4 + -6 + 9 - -2.
1
What is the value of -3 - (5 - 13) - (6 - 0)?
-1
What is the value of (3 - (5 + -2)) + 1?
1
What is the value of -11 + (1 - 2) + (50 - 42)?
-4
What is the value of (-12 - -4) + 20 - 9?
3
What is the value of -9 - (13 + -20) - -1?
-1
Calculate -5 + -1 + -1 - -4 - 0.
-3
Calculate (5 - 6) + 1 + -1 + -1.
-2
(-2 - -3) + -5 + 2
-2
-53 + 59 + -2 + 1 + 0
5
What is (-4 - 0) + (17 - 17)?
-4
Evaluate (-6 - (0 + 4 - 4)) + 6.
0
Evaluate 2 - (7 - 4 - 0).
-1
Evaluate -4 + -1 + 2 - (13 + -10).
-6
Calculate -6 - (-1 + 4 + -13).
4
Calculate (-3 - (-1 + 3)) + 14 + -11.
-2
3 + -2 - (0 + 2) - -1
0
Evaluate 1 + (0 - (5 - -1)).
-5
Evaluate (-2 - 6) + -4 + 12.
0
Evaluate (5 + -2 - 0) + (0 - 7).
-4
What is -5 + 7 - (1 + 1)?
0
What is the value of -5 + 2 - (19 - 17)?
-5
What is the value 